{"id":674,"date":"2026-04-29T10:38:36","date_gmt":"2026-04-29T08:38:36","guid":{"rendered":"https:\/\/miniforlegend.com\/?page_id=674"},"modified":"2026-04-29T10:59:43","modified_gmt":"2026-04-29T08:59:43","slug":"grand-prix-historique-de-monaco-2026","status":"publish","type":"page","link":"https:\/\/miniforlegend.com\/index.php\/grand-prix-historique-de-monaco-2026\/","title":{"rendered":"Grand Prix historique de Monaco 2026"},"content":{"rendered":"<p><img loading=\"lazy\" decoding=\"async\" class=\"alignnone size-medium wp-image-679\" src=\"https:\/\/i0.wp.com\/miniforlegend.com\/wp-content\/uploads\/2026\/04\/20260425_111644-1.jpg?resize=1%2C1&#038;ssl=1\" alt=\"\" width=\"1\" height=\"1\" data-recalc-dims=\"1\" \/> <img loading=\"lazy\" decoding=\"async\" class=\"alignnone size-medium wp-image-676\" src=\"https:\/\/i0.wp.com\/miniforlegend.com\/wp-content\/uploads\/2026\/04\/20260425_111712.jpg?resize=1%2C1&#038;ssl=1\" alt=\"\" width=\"1\" height=\"1\" data-recalc-dims=\"1\" \/><img loading=\"lazy\" decoding=\"async\" class=\"alignnone size-medium wp-image-676\" src=\"https:\/\/i0.wp.com\/miniforlegend.com\/wp-content\/uploads\/2026\/04\/20260425_111712.jpg?resize=1%2C1&#038;ssl=1\" alt=\"\" width=\"1\" height=\"1\" data-recalc-dims=\"1\" \/>Quel week-end incroyable au Grand Prix historique de Monaco, pour cette 15em \u00e9dition !<\/p>\n<p>Toute l&#8217;\u00e9quipe de Mini for Legend tient \u00e0 adresser un immense MERCI \u00e0 tous ceux qui ont rendu cette aventure possible !<\/p>\n<p>Participer \u00e0 un rendez-vous aussi mythique est une v\u00e9ritable fiert\u00e9 pour nous. Nous repartons avec des souvenirs inoubliables et encore plus de motivation !<\/p>\n<p><img loading=\"lazy\" decoding=\"async\" class=\"alignnone size-medium wp-image-679\" src=\"https:\/\/i0.wp.com\/miniforlegend.com\/wp-content\/uploads\/2026\/04\/20260425_111644-1.jpg?resize=1%2C1&#038;ssl=1\" alt=\"\" width=\"1\" height=\"1\" data-recalc-dims=\"1\" \/><img loading=\"lazy\" decoding=\"async\" class=\"alignnone size-medium wp-image-681\" src=\"https:\/\/i0.wp.com\/miniforlegend.com\/wp-content\/uploads\/2026\/04\/20260425_111644-2.jpg?resize=1%2C1&#038;ssl=1\" alt=\"\" width=\"1\" height=\"1\" data-recalc-dims=\"1\" \/><img loading=\"lazy\" decoding=\"async\" class=\"alignnone size-medium wp-image-681\" src=\"https:\/\/i0.wp.com\/miniforlegend.com\/wp-content\/uploads\/2026\/04\/20260425_111644-2.jpg?resize=1%2C1&#038;ssl=1\" alt=\"\" width=\"1\" height=\"1\" data-recalc-dims=\"1\" \/><\/p>\n<p><img loading=\"lazy\" decoding=\"async\" class=\"wp-image-678 aligncenter\" src=\"https:\/\/i0.wp.com\/miniforlegend.com\/wp-content\/uploads\/2026\/04\/20260425_202431.jpg?resize=684%2C317&#038;ssl=1\" alt=\"\" width=\"684\" height=\"317\" srcset=\"https:\/\/i0.wp.com\/miniforlegend.com\/wp-content\/uploads\/2026\/04\/20260425_202431-scaled.jpg?resize=300%2C139&amp;ssl=1 300w, https:\/\/i0.wp.com\/miniforlegend.com\/wp-content\/uploads\/2026\/04\/20260425_202431-scaled.jpg?resize=1024%2C473&amp;ssl=1 1024w, https:\/\/i0.wp.com\/miniforlegend.com\/wp-content\/uploads\/2026\/04\/20260425_202431-scaled.jpg?resize=2000%2C924&amp;ssl=1 2000w, https:\/\/i0.wp.com\/miniforlegend.com\/wp-content\/uploads\/2026\/04\/20260425_202431-scaled.jpg?w=1900&amp;ssl=1 1900w\" sizes=\"auto, (max-width: 684px) 100vw, 684px\" data-recalc-dims=\"1\" \/><\/p>\n","protected":false},"excerpt":{"rendered":"<p>Quel week-end incroyable au Grand Prix historique de Monaco, pour cette 15em \u00e9dition ! Toute l&#8217;\u00e9quipe de Mini for Legend tient \u00e0 adresser un immense MERCI \u00e0 tous ceux qui ont rendu cette aventure possible ! Participer \u00e0 un rendez-vous aussi mythique est une v\u00e9ritable fiert\u00e9 pour nous. Nous repartons avec des souvenirs inoubliables et &hellip; <\/p>\n<p class=\"link-more\"><a href=\"https:\/\/miniforlegend.com\/index.php\/grand-prix-historique-de-monaco-2026\/\" class=\"more-link\">Lire la suite de<span class=\"screen-reader-text\">\u00ab\u00a0Grand Prix historique de Monaco 2026\u00a0\u00bb<\/span><\/a><\/p>\n","protected":false},"author":1,"featured_media":0,"parent":0,"menu_order":0,"comment_status":"closed","ping_status":"closed","template":"","meta":{"footnotes":""},"class_list":["post-674","page","type-page","status-publish","hentry"],"jetpack_sharing_enabled":true,"featured_media_urls":[],"_links":{"self":[{"href":"https:\/\/miniforlegend.com\/index.php\/wp-json\/wp\/v2\/pages\/674","targetHints":{"allow":["GET"]}}],"collection":[{"href":"https:\/\/miniforlegend.com\/index.php\/wp-json\/wp\/v2\/pages"}],"about":[{"href":"https:\/\/miniforlegend.com\/index.php\/wp-json\/wp\/v2\/types\/page"}],"author":[{"embeddable":true,"href":"https:\/\/miniforlegend.com\/index.php\/wp-json\/wp\/v2\/users\/1"}],"replies":[{"embeddable":true,"href":"https:\/\/miniforlegend.com\/index.php\/wp-json\/wp\/v2\/comments?post=674"}],"version-history":[{"count":7,"href":"https:\/\/miniforlegend.com\/index.php\/wp-json\/wp\/v2\/pages\/674\/revisions"}],"predecessor-version":[{"id":685,"href":"https:\/\/miniforlegend.com\/index.php\/wp-json\/wp\/v2\/pages\/674\/revisions\/685"}],"wp:attachment":[{"href":"https:\/\/miniforlegend.com\/index.php\/wp-json\/wp\/v2\/media?parent=674"}],"curies":[{"name":"wp","href":"https:\/\/api.w.org\/{rel}","templated":true}]}}

<p><img loading="lazy" decoding="async" class="alignnone size-medium wp-image-679" src="https://i0.wp.com/miniforlegend.com/wp-content/uploads/2026/04/20260425_111644-1.jpg?resize=1%2C1&#038;ssl=1" alt="" width="1" height="1" data-recalc-dims="1" /> <img loading="lazy" decoding="async" class="alignnone size-medium wp-image-676" src="https://i0.wp.com/miniforlegend.com/wp-content/uploads/2026/04/20260425_111712.jpg?resize=1%2C1&#038;ssl=1" alt="" width="1" height="1" data-recalc-dims="1" /><img loading="lazy" decoding="async" class="alignnone size-medium wp-image-676" src="https://i0.wp.com/miniforlegend.com/wp-content/uploads/2026/04/20260425_111712.jpg?resize=1%2C1&#038;ssl=1" alt="" width="1" height="1" data-recalc-dims="1" />Quel week-end incroyable au Grand Prix historique de Monaco, pour cette 15em édition !</p>
<p>Toute l&#8217;équipe de Mini for Legend tient à adresser un immense MERCI à tous ceux qui ont rendu cette aventure possible !</p>
<p>Participer à un rendez-vous aussi mythique est une véritable fierté pour nous. Nous repartons avec des souvenirs inoubliables et encore plus de motivation !</p>
<p><img loading="lazy" decoding="async" class="alignnone size-medium wp-image-679" src="https://i0.wp.com/miniforlegend.com/wp-content/uploads/2026/04/20260425_111644-1.jpg?resize=1%2C1&#038;ssl=1" alt="" width="1" height="1" data-recalc-dims="1" /><img loading="lazy" decoding="async" class="alignnone size-medium wp-image-681" src="https://i0.wp.com/miniforlegend.com/wp-content/uploads/2026/04/20260425_111644-2.jpg?resize=1%2C1&#038;ssl=1" alt="" width="1" height="1" data-recalc-dims="1" /><img loading="lazy" decoding="async" class="alignnone size-medium wp-image-681" src="https://i0.wp.com/miniforlegend.com/wp-content/uploads/2026/04/20260425_111644-2.jpg?resize=1%2C1&#038;ssl=1" alt="" width="1" height="1" data-recalc-dims="1" /></p>
<p><img loading="lazy" decoding="async" class="wp-image-678 aligncenter" src="https://i0.wp.com/miniforlegend.com/wp-content/uploads/2026/04/20260425_202431.jpg?resize=684%2C317&#038;ssl=1" alt="" width="684" height="317" srcset="https://i0.wp.com/miniforlegend.com/wp-content/uploads/2026/04/20260425_202431-scaled.jpg?resize=300%2C139&amp;ssl=1 300w, https://i0.wp.com/miniforlegend.com/wp-content/uploads/2026/04/20260425_202431-scaled.jpg?resize=1024%2C473&amp;ssl=1 1024w, https://i0.wp.com/miniforlegend.com/wp-content/uploads/2026/04/20260425_202431-scaled.jpg?resize=2000%2C924&amp;ssl=1 2000w, https://i0.wp.com/miniforlegend.com/wp-content/uploads/2026/04/20260425_202431-scaled.jpg?w=1900&amp;ssl=1 1900w" sizes="auto, (max-width: 684px) 100vw, 684px" data-recalc-dims="1" /></p>

<p>Quel week-end incroyable au Grand Prix historique de Monaco, pour cette 15em édition ! Toute l&#8217;équipe de Mini for Legend tient à adresser un immense MERCI à tous ceux qui ont rendu cette aventure possible ! Participer à un rendez-vous aussi mythique est une véritable fierté pour nous. Nous repartons avec des souvenirs inoubliables et &hellip; </p>
<p class="link-more"><a href="https://miniforlegend.com/index.php/grand-prix-historique-de-monaco-2026/" class="more-link">Lire la suite de<span class="screen-reader-text">« Grand Prix historique de Monaco 2026 »</span></a></p>
